n 816 is divided by (-206)/(-3) + (-195)/(-585)?
57
Let c(p) = -2*p**2 - 104*p - 779. What is the remainder when 1353 is divided by c(-18)?
18
Suppose k = 3*z + 80, -3 = -3*z + 6. Let x = 8636 - 8618. What is the remainder when k is divided by x?
17
Suppose -30 = -0*c - c + 5*z, 2*c - z = 15. Suppose 4*p - 6*p - 4 = -3*v, 3*v = p + 5. Suppose v*k - k = 62. Calculate the remainder when k is divided by c.
2
Suppose 12*i = 7*i + 125. What is the remainder when (102/15 + -5)*i is divided by 6?
3
Let b be -3 - 4*-1 - (-6 - -10). What is the remainder when (-55 - 1)/(-2) - -1 is divided by (-18 - b)*(7 + -8)?
14
Calculate the remainder when (-10*18/(-30)*283)/(2*1) is divided by 289.
271
Let i = -1 + 3. Let w = -60 + 65. Let j(k) = 4*k**2 - 19*k + 1. Calculate the remainder when j(w) is divided by i.
0
Suppose -2*v = -5*v + 504. Let x = 297 - v. Suppose -x = -2*o - o. What is the remainder when 128 is divided by o?
42
Let n(i) = i**3 - 2*i + 2. Let l = 1670 + -1650. What is the remainder when l is divided by n(2)?
2
Let u(m) = -m**3 - m**2 - 79. Let w be 8/16 - (-3)/2 - 2. Let y be u(w). Let l = 63 - y. Calculate the remainder when l is divided by 18.
16
Calculate the remainder when 24 is divided by 4/7 - (16524/(-119))/9.
8
Suppose -g = -3 + 9. Let k(c) = -3*c**3 - 10*c**2 - 13*c - 11. Let f be k(g). Let j = 633 - f. Calculate the remainder when j is divided by 40.
38
Let w(b) = 11*b**2 - 13*b + 185. Calculate the remainder when w(-15) is divided by 68.
67
Let s be (0 - 1)*-97*(1 - 0). Let c = -29 + s. Suppose -4*v + 92 = 20. What is the remainder when c is divided by v?
14
Let h(u) = -12*u + 188. Let v be h(15). Calculate the remainder when (-609)/29*v/(-6) is divided by 6.
4
Suppose 4*c - c - 69 = 0. Let i be (2/(-8)*0)/2. Suppose 0 = 3*y + 2*y - 5*f - 55, 5*y + 3*f - 23 = i. What is the remainder when c is divided by y?
2
Let l(m) = m**2 - 48*m - 544. What is the remainder when l(64) is divided by 94?
10
Let q(z) = 2*z**2 - 19*z - 98. Let k be q(12). What is the remainder when 31 is divided by (-152)/(-15) + k/285?
1
Suppose -1058*m + 1061*m + 390 = 0. What is the remainder when 182 is divided by (m/(-130))/((-2)/(-48))?
14
Suppose -5*a - c + 0*c = -2218, -3*a + 1323 = -2*c. Calculate the remainder when a is divided by 205.
33
Let j(x) = -374*x + 852. What is the remainder when 557 is divided by j(2)?
37
Suppose -563 = b + 4*h, 5*h + 2049 + 721 = -5*b. Let z = b + 610. Let i = 47 - 26. Calculate the remainder when z is divided by i.
17
Let r be 226*(-3)/4*2/3. Let i = 417 + r. Calculate the remainder when i is divided by 17.
15
Let r = -9 - -81. What is the remainder when r is divided by 18?
0
Suppose d + p = 2*p - 20, 0 = -d + 2*p - 24. Let n = -2 - d. Calculate the remainder when (2/4)/(5/((-4770)/1899) + 2) is divided by n.
11
Suppose 493 = 3*s + 4*b + 190, -4*s = -4*b - 404. Let m = 107 - s. Suppose -x + 2 = m*n - 4*n, x - 8 = n. Calculate the remainder when 15 is divided by x.
3
What is the remainder when 97 is divided by (-16)/192 + (-350)/(-168)?
1
What is the remainder when 43397 is divided by 310/((21 + 21)/21)?
152
Let q = -309 + 506. Let m = -190 + q. What is the remainder when m is divided by 3?
1
Calculate the remainder when (((-47355)/42)/(-55) + -12)*(0 - -10) is divided by 2/12 - (-161)/6.
4
Let j = 14905 - 14761. Calculate the remainder when j is divided by 54.
36
Suppose -5*w + 11 = 1. Let j(h) = -h**2 + h + 5. Let k be j(w). What is the remainder when 6/((45/260)/(k/2)) is divided by 20?
12
Let c = -1480 - -1627. What is the remainder when 877 is divided by c?
142
Let x be (-88)/396 + (-61)/9. Let s(l) = -13*l - 40. Calculate the remainder when s(x) is divided by 15.
6
Let z(n) be the second derivative of n**4/12 + 5*n**3/3 + 14*n**2 + 32*n. Let d(t) = 12*t + 1. What is the remainder when d(1) is divided by z(-6)?
1
What is the remainder when 7/(-56) - (-4923)/24 is divided by (3/6)/((-2)/(-212))?
46
Let c = 1563 - 1521. Let m(r) = 106*r + 58. What is the remainder when m(3) is divided by c?
40
Suppose -m + 23 = 2*y, -2*m - 4*y = -8*y - 46. Let u = 77 + -34. What is the remainder when u is divided by m?
20
Let z = -202 - -484. Let a = 453 - z. What is the remainder when a is divided by 61?
49
Suppose -g = 6*g - 98. Suppose 0 = 10*q - g*q + 96. Suppose -22*k + 19*k + q = 0. Calculate the remainder when 10 is divided by k.
2
Let g = -145 - -281. Let b(i) = -59*i + 23. What is the remainder when g is divided by b(0)?
21
Let f = 110 - 105. Suppose 4*v = 2*p + 2, 5*v + 2*p + 1 = p. Suppose v = -2*b + 31 - f. Calculate the remainder when b is divided by 8.
5
Suppose 5*s = 30 - 0. Let f(g) = g**3 - 5*g**2 - 6*g + 6. Let u = 63 + -61. Calculate the remainder when f(s) is divided by u.
0
Suppose -108 = -4*a + h, -5*h = -158 + 178. Suppose z + z = 4. Suppose -z*p + 3*p - 3 = 0. Calculate the remainder when a is divided by p.
2
Suppose 29*l + 26 - 1014 = 10*l. Calculate the remainder when l is divided by 20.
12
Let j(d) = -18*d - 122. Let c be j(-7). Suppose -234 = -3*x + 18*g - 19*g, 397 = 5*x + c*g. Calculate the remainder when 230 is divided by x.
76
Let x be ((-42)/(-8))/(18 + 1833/(-104)). Suppose -12*u + x*u = 3*b + 38, -2*u + 4*b = -40. Let d = 516 - 326. What is the remainder when d is divided by u?
14
Let y = -28 - -97. Let r = 75 - y. Let v(n) = -n**3 - 7*n**2 + 7*n - 4. What is the remainder when r is divided by v(-8)?
2
Suppose 3*x = 2 + 10. Suppose -4*n + x = -3*n. Suppose -n*v + 4*l = -240, 2*l - 220 = -4*v + l. Calculate the remainder when v is divided by 16.
8
Let o = -2598 + 2717. What is the remainder when 1173 is divided by o?
102
Let d = -3122 + 4540. Calculate the remainder when d is divided by 142.
140
Suppose 26*g - 25*g - 5 = 0. Suppose 9*t + l = g*t + 117, 2*l - 54 = -2*t. Calculate the remainder when 111 is divided by t.
21
Suppose 2*u = -4*u. Suppose u = -4*b - 100 + 12. Let h = 1 - b. Calculate the remainder when 89 is divided by h.
20
Let k = -1536 + 1609. What is the remainder when 10728 is divided by k?
70
Let u(q) = -2*q**2 - 48*q + 32. Let b(w) = -2*w**2 - 46*w + 31. Let r(v) = -3*b(v) + 2*u(v). What is the remainder when 448 is divided by r(-22)?
13
Let g(d) = 36*d**2 - 4*d - 5. Let y be g(-1). Suppose -o + 24 = -y. Suppose m + 0*m = 21. What is the remainder when o is divided by m?
17
Let j(p) = 7*p**2 - 13*p - 20. Let l be j(-10). Suppose 3*h + l = 13*h. Calculate the remainder when h is divided by (-19)/(-1) - (-2 - -4).
13
Let b be 1 - (12/4)/3. Suppose -4*r = -5*g + 164, -2*g + 7*g - 5*r - 160 = b. Calculate the remainder when g is divided by 13.
10
Suppose 3*z - 70 = -0*z - 4*v, -3*v = 3*z - 66. Suppose -z*j = -8*j. Suppose -10*q + 0*q + 220 = j. What is the remainder when 129 is divided by q?
19
Let f = -16 - -39. Let w = -38 - -72. Let t = f + w. What is the remainder when t is divided by 15?
12
Let i(y) = 48*y + 2098. What is the remainder when i(-8) is divided by 6?
4
Suppose -2*a + 1840 = 8*a. Calculate the remainder when 2583 is divided by a.
7
Let a = 1396 + -1325. Calculate the remainder when 1629 is divided by a.
67
Let m(v) = -v**2 - 27*v - 131. Calculate the remainder when 1219 is divided by m(-14).
46
Let d(n) = n**3 + 6*n**2 + 2*n + 6. Let h be 4 - 5/10*18. Let y be d(h). What is the remainder when 14 is divided by -10*(y/6 + -4)?
4
Suppose -466*f - 3*h = -464*f - 90, -135 = -3*f - h. What is the remainder when 3598 is divided by f?
43
Suppose 33*b + 2634 = 35*b. Suppose 2*d + d - 4*k = b, 2*d - 878 = -3*k. What is the remainder when d is divided by 110?
109
Let g(j) = -j**2 - 2*j - 1. Let h be g(-5). Calculate the remainder when (h/(288/1809))/(3/(-2)) is divided by 17.
16
Let u(j) = -1 + 6*j**2 + 3 + 6 + 5*j. Let k be (12/(-18))/(58/18 - 3). What is the remainder when u(k) is divided by 7?
5
Suppose 4*s - 262 = 8*s + 2*t, -4*s + t = 259. Let m(z) = -z + 40. What is the remainder when (-3)/1*s*6/15 is divided by m(0)?
38
Let t(i) = 3*i**2 - 5*i + 16. What is the remainder when ((-16)/136 - 25266/(-34)) + 3 is divided by t(4)?
42
What is the remainder when 32/1 + ((-20)/2 - 4) + 8 is divided by 25?
1
Let r = 390 - 244. Let d = r - 42. Let v = d - 92. Calculate the remainder when 67 is divided by v.
7
Suppose 3*a - 226 = 4*i - 8*i, -4*i + 366 = 5*a. Suppose 0 = -5*y + 330 + a. What